 + -46))?
34
Calculate 4 + (0 - 0) + 3 - (11 - (26 + -42)).
-20
What is 4 + 3 + 0 + 4 - (34 + -46 - 1)?
24
What is the value of 15 + 49 + -27 - (2 - (-2 + 1))?
34
Calculate 22 - 21 - (33 + -4).
-28
What is -82 + -14 - (8 + 11 - 10)?
-105
What is the value of 29 + (31 - 67) - (-2 - -7)?
-12
14 + (-3 - (2 + (10 - 9 - -8)))
0
Evaluate 2 + (-51 - -44) + (-2 + -3 - -20) - -18.
28
-28 - (-63 - -25) - 54 - 31
-75
What is the value of 2386 - 2425 - (48 - 1)?
-86
6 + 58 - (8 - -3)
53
What is the value of 220 - 259 - (-4 + -11) - 15?
-39
(-15 - 30) + 55 - (-40 - (-4 + -1))
45
(-57 - -23) + 67 - 38
-5
Evaluate 8 + 7 + 19 - (31 - (-25 - -31)).
9
What is -55 - (-28 - 2) - (-60 + 67)?
-32
What is 44 - (-18 + (20 - -42))?
0
What is 67 + 118 + (-23 - -5) - 32?
135
Evaluate 74 - 138 - (-59 + 61).
-66
-16 - (-24 + -10 + 54)
-36
What is the value of (77 - 74) + 96 + -2 - (-6 + -3 + -5)?
111
Calculate -15 + (144 - 51) - 36.
42
Calculate 0 + 30 + -1 + (3393 - 3415) - -109.
116
(-2 - 90) + (2674 - 2696)
-114
What is -22 + (3 + -26 + 12 - -27)?
-6
Evaluate 18 + (-59 - -47) + 30.
36
Calculate 4 - -2 - ((-10 - -2) + (-10 - -41 - 5)).
-12
What is the value of 1 + 81 + 4837 + -4831?
88
Evaluate -3 - (95 + -51 + -1).
-46
-17 - (-4 - (0 + -2 - (-33 + 35)))
-17
What is -38 - (2 - (4 - -41))?
5
What is the value of 5 + (-23 - 4) + -17 + -15 + 52?
-2
Calculate 71 + (3 - 2) + (1 + 18 - (109 - 79)).
61
Evaluate 1 + -25 + 587 + -529.
34
Evaluate 17 + 16 + (18 - 106) + -14 - (8 - 0).
-77
Evaluate 9 + -18 - (16 - 4) - -2 - -70.
51
What is 25 - 16 - (-5 + 6 + -8 + 3)?
13
What is the value of -80 - (252 + -251 - (10 + 0) - -2)?
-73
What is the value of (7 + 0 - -2) + (15 - (9 + 3 + -9))?
21
Calculate (-92 - -87) + 5 + 3 + (2 - 13 - -6).
-2
Calculate 90 + -101 + (10 - -20) - -19.
38
What is 23 + (-1 - -2) - (72 + 64 - 124)?
12
What is 4 - (-4 - (-5 - -14) - -3) - (-70 + -16)?
100
What is the value of (-5 - (-3 + 1)) + -1061 + 1031?
-33
Calculate -20 + 2 + (-40 + 50 - -3) + -11.
-16
What is the value of 41 - (-35 - (-107 - -18))?
-13
What is (-4 + -5 + 15 - (27 + -10)) + 2?
-9
What is 41 + (-100 - -45) + (-1 - -8)?
-7
62 + (51 - (9 + 23 + -8)) + -25
64
Calculate 40 + -19 + 3 + (-35 - -73).
62
Evaluate -12 + -25 - 12 - -34 - 34.
-49
Calculate 46 + -48 + (2 - 3) + 6.
3
197 + -368 + (-16 - -95)
-92
-41 - (-15 + 30) - -87
31
What is (94 - 0) + (14 - 39 - -9) - 11?
67
-50 + -36 + 84 + 45
43
What is (118 + -98 - (-21 - -142)) + -7 + -3?
-111
Calculate 0 + 18 + (-5 - 1) - (78 + (-31 - -28)).
-63
Evaluate -53 - 61 - (-152 + 38).
0
Evaluate 29 + -11 + (-44 - -76).
50
(-58 + 121 - 72) + 12
3
1 + -1 - (0 + -30 + (-803 - -805))
28
Calculate -4 - (2 - 0) - (-60 + -20 + 66).
8
(-9 - -18) + (46 - 35) - (-8 - 1)
29
Calculate -2 - -35 - (21 + (13 - 25)).
24
What is -245 + 299 + -82 + 4?
-24
Evaluate -5 + (3 - (1 - 0) - (-98 + (-20 - -126))).
-11
Calculate -6 + -5 + -5 + -1 + -3 + -7 - -9.
-18
What is the value of (1 - 3 - 0) + (88 - 125) + 90?
51
Evaluate -101 - (103 - 131) - -117.
44
What is -3 + -23 - (11 - 2 - (5 + -12 + 3))?
-39
Evaluate -82 + -33 - (114 - 133).
-96
(2 - -88) + -4898 + 4868
60
What is 50 - ((-3 - 64) + 37 - 44)?
124
What is (49 - (90 - 1)) + (1 - 12) + 2?
-49
What is the value of -72 - ((11 - 0) + (-1007 - -980))?
-56
What is 2 - -1 - ((38 - 132) + -37 + (-18 - 3))?
155
(-112 - (7 - 7)) + 2 + 47 + (40 - 77)
-100
Evaluate -29 + 31 - -38 - (3 - (-1 - -1) - 2).
39
What is -42 + 38 + (-7 - -1) + (-73 - -77)?
-6
Evaluate 23 - 37 - 5 - -29 - (-17 - 0).
27
Calculate 3 + 3 + 6 - (-204 + 261).
-45
Evaluate -49 + 21 + 45 + 6 + 31.
54
Calculate (-3 - (-8 + 5)) + (112 - 90).
22
-20 + 70 - (13 + -5 - -24)
18
What is the value of 12 - ((1 - (19 + -7)) + 18 + -20)?
25
Calculate (-4 - -7) + -83 + -73 + 163.
10
What is the value of 1011 - 1073 - (-1 - -31)?
-92
Calculate 24 + (-135 - (-19 - 4)) + 16.
-72
Calculate -1 + 63 - (229 - (409 + -224)).
18
Evaluate 22 + -30 + -30 + (4 - 23).
-57
Evaluate -1 + 0 + 3 + (19 + -26 - -11).
6
-108 + 67 + -21 - -11
-51
Evaluate -123 - -11 - -2 - ((21 - 20) + -20).
-91
What is -7 - (-56 - ((-4 - 4) + 16 + -17 + 9))?
49
What is the value of -550 + 528 + (46 - -2)?
26
What is the value of (-153 - -67) + 47 - -29?
-10
27 + (-155 - -18) + 56
-54
What is 4366 + -4526 + 4 + 55?
-101
What is -43 + -66 + 87 - -1?
-21
Evaluate (8 - -16) + -9 + -19 - -89.
85
What is the value of (-9 - (0 - 1)) + (22 - 46) + 27?
-5
Calculate -13 + (-45 - 1 - (19 - 0)).
-78
What is -37 - -150 - (17 - -27 - 19)?
88
What is 22 + (-7 + (-1 - -1) - (16 + 58 + -88))?
29
What is the value of 80 - 61 - -43 - 52?
10
What is (30 + -21 - (3 - 30)) + (1 - 10)?
27
What is the value of -60 + -2 + 3 + 5 + -16 + 53 + -40?
-57
Calculate 111 + 16 + -37 + -34.
56
Calculate -3 - (0 + -5 + 10) - (-4 - -36).
-40
(-55 - -1) + (50 - -24 - 62)
-42
What is the value of -1 - 46 - (-129 + (98 - -23))?
-39
What is -39 + (-3 - -10 - 7) - (-20 + 15)?
-34
Evaluate -12 - ((2 - (16 + -8)) + -5 - 4).
3
What is the value of -36 - ((16 - -2) + -24)?
-30
What is 4 - (528 + -545 - (1 + -7))?
15
What is (5 + -1 - 17) + 20 - 34?
-27
Evaluate 28 - (25 - (-6 - -18)) - -129 - 1.
143
What is (-1 - -8) + -15 - (-11 - ((6 - 18) + -10))?
-19
What is -8 + (0 - 1) + (12 - 7)?
-4
Evaluate 16 + -51 - ((8 - 11) + 14 - (1 - 2)).
-47
(9 - 2) + 17 + -17 - ((-22 - 5) + 1)
33
What is -4 - (-6 + (-5 + -4 - -20))?
-9
Evaluate 6 + 2 + -5 - (-21 - -39 - 31).
16
What is the value of 82 + (-107 - -125 - (11 - 16))?
105
Calculate 13 + (-8 - (-11 - -5) - 3 - 1).
7
-7 + 7 - (-11 + (-29 - -31))
9
What is the value of (-122 - (-141 - -126)) + 117?
10
What is the value of -64 - ((-2 - 1) + 11 + (-27 - -8) - -7)?
-60
What is the value of (11 - -37) + -39 - -26 - (3 + -2 + -2)?
36
What is the value of -167 + 208 - (-79 + -5) - 27?
98
What is the value of (96 + 2 - (88 - 99)) + -20?
89
-20 + (-3 - -19) + 34
30
Calculate -27 - -14 - (-4 - 16 - -31).
-24
What is (-16 - -2) + (55 - -22) + -2?
61
8 + 4 - 0 - (-58 - -52)
18
What is 8 + 1 - ((-9 - -23 - -38) + -22)?
-21
What is -4 + (9 + 2 - -6) + 5 + -17?
1
11 + -10 - (-12 + 3) - (3 - (48 + 2))
57
Evaluate (-11 - (-10 + -15 - -12)) + (-12 - -7) + -1.
-4
What is (7 + -76 - -93) + (83 - -8)?
115
Calculate 2 + 110 - (5 - 14 - -10) - (-658 - -659).
110
Evaluate 509 + -512 + -1 + (-1 - 5) + -26.
-36
Evaluate -5 + -22 + -13 + (0 - -7) + 6.
-27
Evaluate -3 + (1 - 1) + 3 + (-104 + 18 - -100).
14
What is -5 + (0 - -26) - 10 - (41 + -25)?
-5
What is the value of 17 - -101 - 7 - (132 - 98)?
77
12 + -19 - 53 - 0 - -16
-44
-1 + -78 + (5211 - 5225)
-93
77 + -97 - (-39 + 25 + -10)
4
-15 + 61 - (-15 + 60)
1
191 + -89 + (-18 - 39)
45
What is 20 - (-183 + 43 + 84)?
76
What is the value of 17 + (58 - 31) - (4 - 10)?
50
What is the value of (-2 - -4) + 2 - (6 - -26 - 13 - 34)?
19
Evaluate -1 + -1 - (-29 + 25 + -51 + 44).
9
-77 - -22 - (-31 - (-17 - -10) - -15)
-46
Evaluate 226 + -236 + (1 - 2 - (-9 + 5)).
-7
Calculate -6 - (53 + (-6 - -6) - (-3 + 2 + 0)).
-60
Calculate -6 + (-14 - -29) - (-9 + 5).
13
Calculate 49 - (8 + 18 + 0 + -17).
40
Calculate -4 + -6 - ((6 - (-9 - -3)) + -5) - 5.
-22
Evaluate -60 + (1 + -14 - -11 - -20).
-42
Evaluate -27 + (5 - -6) + 7 - (-44 - (-2 + -1)).
32
Evaluate (2 - (6 - 17 - -33)) + 16.
-4
What is the value of -803 + 793 - (1 + (3 - 12))?
-2
What is the value of 64 - (-16 + (4 - -8) + 0 + -3)?
71
Evaluate 2 + 5 + 13 + -7 - 1.
12
What is the value of (53 - 39) + (13 + -3 - 44) + 57?
37
Evaluate 32 + 8 - (-7 - (62 + 1)).
110
What is -29 - (38 + (-101 - -88))?
-54
(5 - (9 + -9 + -4)) + -14 + 78 + -36
37
Calculate -12 - (0 - 1) - (-41 + 108 + -56).
-22
Calculate 15 - (14 + -6 + -14 - (-11 + -7)).
3
What is the value of 5 - ((-12 - (9 - (-3 + 11))) + -14)?
32
What is the value of (212 - 149) + 32 - 91?
4
Evaluate 5 - (4 + -1 + 8 - (1 - -38)).
33
(-29 + (20 - -47) - -86) + -26
98
What is -13 + 32 - (129 + -108)?
-2
What is -11 + 73 - (129 + -32)?
-35
What is the value of (27 - (-28 + 50)) + 2?
7
What is the value of 1 - (-1 + 78 + (-12 - -6) - 4)?
-66
What is the value of 20 + (-8 + 13 + -10 - -26) + -11?
30
What is 39 + -1 + 3 + 6 + 3?
50
What is the value of -3 - (-174 - -62 - -67)?
42
What is the value of 0 + 8 + -1 + 5511 + -5546?
-28
What is 11 + 5 - (-46 + 56 - (-3 + 26) - -1)?
28
What is (1 - -43) + 